CRAN Package Check Results for Package DatastreamDSWS2R

Last updated on 2022-09-24 12:57:25 CEST.

Flavor Version Tinstall Tcheck Ttotal Status Flags
r-devel-linux-x86_64-debian-clang 1.8.2 14.24 65.43 79.67 NOTE
r-devel-linux-x86_64-debian-gcc 1.8.2 10.99 48.66 59.65 NOTE
r-devel-linux-x86_64-fedora-clang 1.8.2 105.78 NOTE
r-devel-linux-x86_64-fedora-gcc 1.8.2 102.44 NOTE
r-devel-windows-x86_64 1.8.2 80.00 93.00 173.00 NOTE
r-patched-linux-x86_64 1.8.2 12.37 58.55 70.92 OK
r-release-linux-x86_64 1.8.2 11.85 60.05 71.90 OK
r-release-macos-arm64 1.8.2 26.00 NOTE
r-release-macos-x86_64 1.8.2 54.00 NOTE
r-release-windows-x86_64 1.8.2 68.00 88.00 156.00 OK
r-oldrel-macos-arm64 1.8.2 28.00 NOTE
r-oldrel-macos-x86_64 1.8.2 38.00 NOTE
r-oldrel-windows-ix86+x86_64 1.8.2 28.00 83.00 111.00 OK

Check Details

Version: 1.8.2
Check: package subdirectories
Result: NOTE
    Problems with news in 'NEWS.md':
     Cannot extract version info from the following section titles:
     Datastream DWE - now decommissioned by Refinitiv
     CRAN
Flavors: r-devel-linux-x86_64-debian-clang, r-devel-linux-x86_64-debian-gcc, r-devel-linux-x86_64-fedora-clang, r-devel-linux-x86_64-fedora-gcc, r-devel-windows-x86_64

Version: 1.8.2
Check: data for non-ASCII characters
Result: NOTE
     Note: found 8 marked Latin-1 strings
Flavors: r-devel-linux-x86_64-fedora-clang, r-devel-linux-x86_64-fedora-gcc, r-release-macos-arm64, r-release-macos-x86_64, r-oldrel-macos-arm64, r-oldrel-macos-x86_64