CRAN Package Check Results for Package DRviaSPCN

Last updated on 2022-10-05 12:56:48 CEST.

Flavor Version Tinstall Tcheck Ttotal Status Flags
r-devel-linux-x86_64-debian-clang 0.1.2 59.20 514.23 573.43 OK
r-devel-linux-x86_64-debian-gcc 0.1.2 50.90 395.00 445.90 OK
r-devel-linux-x86_64-fedora-clang 0.1.2 782.37 OK
r-devel-linux-x86_64-fedora-gcc 0.1.2 727.98 OK
r-devel-windows-x86_64 0.1.2 179.00 515.00 694.00 OK
r-patched-linux-x86_64 0.1.2 59.13 495.43 554.56 OK
r-release-linux-x86_64 0.1.2 58.62 492.20 550.82 OK
r-release-macos-arm64 0.1.2 166.00 NOTE
r-release-macos-x86_64 0.1.2 252.00 OK
r-release-windows-x86_64 0.1.2 161.00 526.00 687.00 OK
r-oldrel-macos-arm64 0.1.2 177.00 NOTE
r-oldrel-macos-x86_64 0.1.2 230.00 OK
r-oldrel-windows-ix86+x86_64 0.1.2 127.00 512.00 639.00 OK

Check Details

Version: 0.1.2
Check: installed package size
Result: NOTE
     installed size is 5.4Mb
     sub-directories of 1Mb or more:
     data 5.0Mb
Flavors: r-release-macos-arm64, r-oldrel-macos-arm64