CRAN Package Check Results for Package CohortPlat

Last updated on 2022-09-24 12:57:24 CEST.

Flavor Version Tinstall Tcheck Ttotal Status Flags
r-devel-linux-x86_64-debian-clang 1.0.5 6.18 62.03 68.21 OK
r-devel-linux-x86_64-debian-gcc 1.0.5 5.30 45.00 50.30 OK
r-devel-linux-x86_64-fedora-clang 1.0.5 91.44 OK
r-devel-linux-x86_64-fedora-gcc 1.0.5 88.67 OK
r-devel-windows-x86_64 1.0.5 144.00 100.00 244.00 OK
r-patched-linux-x86_64 1.0.5 7.00 57.24 64.24 OK
r-release-linux-x86_64 1.0.5 5.57 57.77 63.34 OK
r-release-macos-arm64 1.0.5 38.00 OK
r-release-macos-x86_64 1.0.5 60.00 OK
r-release-windows-x86_64 1.0.5 146.00 94.00 240.00 OK
r-oldrel-macos-arm64 1.0.5 27.00 OK
r-oldrel-macos-x86_64 1.0.5 41.00 OK
r-oldrel-windows-ix86+x86_64 1.0.5 17.00 18.00 35.00 ERROR

Check Details

Version: 1.0.5
Check: whether package can be installed
Result: ERROR
    Installation failed.
Flavor: r-oldrel-windows-ix86+x86_64