CRAN Package Check Results for Package CMapViz

Last updated on 2022-08-14 12:53:14 CEST.

Flavor Version Tinstall Tcheck Ttotal Status Flags
r-devel-linux-x86_64-debian-clang 0.1.0 6.18 58.63 64.81 NOTE
r-devel-linux-x86_64-debian-gcc 0.1.0 4.98 43.02 48.00 NOTE
r-devel-linux-x86_64-fedora-clang 0.1.0 87.81 NOTE
r-devel-linux-x86_64-fedora-gcc 0.1.0 86.64 NOTE
r-devel-windows-x86_64 0.1.0 13.00 81.00 94.00 NOTE
r-patched-linux-x86_64 0.1.0 6.17 55.41 61.58 NOTE
r-release-linux-x86_64 0.1.0 5.57 55.38 60.95 NOTE
r-release-macos-arm64 0.1.0 24.00 NOTE
r-release-macos-x86_64 0.1.0 44.00 NOTE
r-release-windows-x86_64 0.1.0 9.00 82.00 91.00 NOTE
r-oldrel-macos-arm64 0.1.0 34.00 NOTE
r-oldrel-macos-x86_64 0.1.0 44.00 NOTE
r-oldrel-windows-ix86+x86_64 0.1.0 24.00 74.00 98.00 NOTE

Check Details

Version: 0.1.0
Check: LazyData
Result: NOTE
     'LazyData' is specified without a 'data' directory
Flavors: r-devel-linux-x86_64-debian-clang, r-devel-linux-x86_64-debian-gcc, r-devel-linux-x86_64-fedora-clang, r-devel-linux-x86_64-fedora-gcc, r-devel-windows-x86_64, r-patched-linux-x86_64, r-release-linux-x86_64, r-release-macos-arm64, r-release-macos-x86_64, r-release-windows-x86_64, r-oldrel-macos-arm64, r-oldrel-macos-x86_64, r-oldrel-windows-ix86+x86_64