CRAN Package Check Results for Package CLUSTShiny

Last updated on 2022-09-25 12:55:54 CEST.

Flavor Version Tinstall Tcheck Ttotal Status Flags
r-devel-linux-x86_64-debian-clang 0.1.0 2.03 20.87 22.90 NOTE
r-devel-linux-x86_64-debian-gcc 0.1.0 1.36 16.39 17.75 NOTE
r-devel-linux-x86_64-fedora-clang 0.1.0 41.64 NOTE
r-devel-linux-x86_64-fedora-gcc 0.1.0 39.37 NOTE
r-devel-windows-x86_64 0.1.0 9.00 49.00 58.00 NOTE
r-patched-linux-x86_64 0.1.0 2.42 20.04 22.46 NOTE
r-release-linux-x86_64 0.1.0 2.15 20.41 22.56 NOTE
r-release-macos-arm64 0.1.0 16.00 NOTE
r-release-macos-x86_64 0.1.0 22.00 NOTE
r-release-windows-x86_64 0.1.0 9.00 46.00 55.00 NOTE
r-oldrel-macos-arm64 0.1.0 19.00 NOTE
r-oldrel-macos-x86_64 0.1.0 24.00 NOTE
r-oldrel-windows-ix86+x86_64 0.1.0 8.00 45.00 53.00 NOTE

Check Details

Version: 0.1.0
Check: LazyData
Result: NOTE
     'LazyData' is specified without a 'data' directory
Flavors: r-devel-linux-x86_64-debian-clang, r-devel-linux-x86_64-debian-gcc, r-devel-linux-x86_64-fedora-clang, r-devel-linux-x86_64-fedora-gcc, r-devel-windows-x86_64, r-patched-linux-x86_64, r-release-linux-x86_64, r-release-macos-arm64, r-release-macos-x86_64, r-release-windows-x86_64, r-oldrel-macos-arm64, r-oldrel-macos-x86_64, r-oldrel-windows-ix86+x86_64

Version: 0.1.0
Check: dependencies in R code
Result: NOTE
    Namespaces in Imports field not imported from:
     ‘MASS’ ‘cluster’ ‘datasets’ ‘dplyr’ ‘klaR’ ‘psycho’ ‘shiny’
     All declared Imports should be used.
Flavors: r-devel-linux-x86_64-fedora-clang, r-devel-linux-x86_64-fedora-gcc, r-release-macos-arm64, r-release-macos-x86_64, r-oldrel-macos-arm64, r-oldrel-macos-x86_64