CRAN Package Check Results for Package CINNA

Last updated on 2022-09-25 12:55:54 CEST.

Flavor Version Tinstall Tcheck Ttotal Status Flags
r-devel-linux-x86_64-debian-clang 1.2.0 15.50 172.72 188.22 OK
r-devel-linux-x86_64-debian-gcc 1.2.0 12.47 127.58 140.05 OK
r-devel-linux-x86_64-fedora-clang 1.2.0 237.36 NOTE
r-devel-linux-x86_64-fedora-gcc 1.2.0 230.68 NOTE
r-devel-windows-x86_64 1.2.0 34.00 193.00 227.00 OK
r-patched-linux-x86_64 1.2.0 16.10 164.52 180.62 OK
r-release-linux-x86_64 1.2.0 17.05 162.21 179.26 OK
r-release-macos-arm64 1.2.0 65.00 NOTE
r-release-macos-x86_64 1.2.0 106.00 NOTE
r-release-windows-x86_64 1.2.0 23.00 196.00 219.00 OK
r-oldrel-macos-arm64 1.2.0 59.00 NOTE
r-oldrel-macos-x86_64 1.2.0 89.00 NOTE
r-oldrel-windows-ix86+x86_64 1.2.0 36.00 191.00 227.00 OK

Check Details

Version: 1.2.0
Check: dependencies in R code
Result: NOTE
    Namespace in Imports field not imported from: ‘circlize’
     All declared Imports should be used.
Flavors: r-devel-linux-x86_64-fedora-clang, r-devel-linux-x86_64-fedora-gcc, r-release-macos-arm64, r-release-macos-x86_64, r-oldrel-macos-arm64, r-oldrel-macos-x86_64