CRAN Package Check Results for Package BreakPoints

Last updated on 2022-09-25 12:55:53 CEST.

Flavor Version Tinstall Tcheck Ttotal Status Flags
r-devel-linux-x86_64-debian-clang 1.2 3.56 29.40 32.96 NOTE
r-devel-linux-x86_64-debian-gcc 1.2 2.59 22.88 25.47 NOTE
r-devel-linux-x86_64-fedora-clang 1.2 51.38 NOTE
r-devel-linux-x86_64-fedora-gcc 1.2 51.22 NOTE
r-devel-windows-x86_64 1.2 14.00 52.00 66.00 NOTE
r-patched-linux-x86_64 1.2 3.51 28.67 32.18 NOTE
r-release-linux-x86_64 1.2 3.35 28.61 31.96 NOTE
r-release-macos-arm64 1.2 17.00 NOTE
r-release-macos-x86_64 1.2 25.00 NOTE
r-release-windows-x86_64 1.2 11.00 55.00 66.00 NOTE
r-oldrel-macos-arm64 1.2 28.00 NOTE
r-oldrel-macos-x86_64 1.2 29.00 NOTE
r-oldrel-windows-ix86+x86_64 1.2 7.00 57.00 64.00 NOTE

Check Details

Version: 1.2
Check: LazyData
Result: NOTE
     'LazyData' is specified without a 'data' directory
Flavors: r-devel-linux-x86_64-debian-clang, r-devel-linux-x86_64-debian-gcc, r-devel-linux-x86_64-fedora-clang, r-devel-linux-x86_64-fedora-gcc, r-devel-windows-x86_64, r-patched-linux-x86_64, r-release-linux-x86_64, r-release-macos-arm64, r-release-macos-x86_64, r-release-windows-x86_64, r-oldrel-macos-arm64, r-oldrel-macos-x86_64, r-oldrel-windows-ix86+x86_64