CRAN Package Check Results for Package BayesFactor

Last updated on 2022-10-01 12:56:06 CEST.

Flavor Version Tinstall Tcheck Ttotal Status Flags
r-devel-linux-x86_64-debian-clang 0.9.12-4.4 257.35 297.97 555.32 OK
r-devel-linux-x86_64-debian-gcc 0.9.12-4.4 208.38 223.15 431.53 OK
r-devel-linux-x86_64-fedora-clang 0.9.12-4.4 819.97 OK
r-devel-linux-x86_64-fedora-gcc 0.9.12-4.4 762.58 OK
r-devel-windows-x86_64 0.9.12-4.4 310.00 345.00 655.00 NOTE
r-patched-linux-x86_64 0.9.12-4.4 227.78 282.66 510.44 OK
r-release-linux-x86_64 0.9.12-4.4 232.67 289.51 522.18 OK
r-release-macos-arm64 0.9.12-4.4 183.00 NOTE
r-release-macos-x86_64 0.9.12-4.4 1324.00 NOTE
r-release-windows-x86_64 0.9.12-4.4 255.00 354.00 609.00 NOTE
r-oldrel-macos-arm64 0.9.12-4.4 172.00 NOTE
r-oldrel-macos-x86_64 0.9.12-4.4 230.00 NOTE
r-oldrel-windows-ix86+x86_64 0.9.12-4.4 630.00 407.00 1037.00 NOTE

Check Details

Version: 0.9.12-4.4
Check: package dependencies
Result: NOTE
    Package suggested but not available for checking: 'doMC'
Flavors: r-devel-windows-x86_64, r-release-windows-x86_64, r-oldrel-windows-ix86+x86_64

Version: 0.9.12-4.4
Check: installed package size
Result: NOTE
     installed size is 16.3Mb
     sub-directories of 1Mb or more:
     doc 1.4Mb
     libs 13.7Mb
Flavors: r-release-macos-arm64, r-release-macos-x86_64, r-oldrel-macos-arm64, r-oldrel-macos-x86_64, r-oldrel-windows-ix86+x86_64