CRAN Package Check Results for Package BallMapper

Last updated on 2021-10-21 12:57:53 CEST.

Flavor Version Tinstall Tcheck Ttotal Status Flags
r-devel-linux-x86_64-debian-clang 0.2.0 7.17 32.15 39.32 NOTE
r-devel-linux-x86_64-debian-gcc 0.2.0 5.32 24.79 30.11 NOTE
r-devel-linux-x86_64-fedora-clang 0.2.0 57.95 NOTE
r-devel-linux-x86_64-fedora-gcc 0.2.0 46.79 NOTE
r-devel-windows-x86_64 0.2.0 10.00 51.00 61.00 NOTE
r-devel-windows-x86_64-gcc10-UCRT 0.2.0 ERROR
r-patched-linux-x86_64 0.2.0 6.71 30.63 37.34 NOTE
r-patched-solaris-x86 0.2.0 65.50 NOTE
r-release-linux-x86_64 0.2.0 5.85 30.59 36.44 NOTE
r-release-macos-arm64 0.2.0 NOTE
r-release-macos-x86_64 0.2.0 NOTE
r-release-windows-ix86+x86_64 0.2.0 13.00 52.00 65.00 NOTE
r-oldrel-macos-x86_64 0.2.0 NOTE
r-oldrel-windows-ix86+x86_64 0.2.0 14.00 50.00 64.00 OK

Check Details

Version: 0.2.0
Check: LazyData
Result: NOTE
     'LazyData' is specified without a 'data' directory
Flavors: r-devel-linux-x86_64-debian-clang, r-devel-linux-x86_64-debian-gcc, r-devel-linux-x86_64-fedora-clang, r-devel-linux-x86_64-fedora-gcc, r-devel-windows-x86_64, r-patched-linux-x86_64, r-patched-solaris-x86, r-release-linux-x86_64, r-release-macos-arm64, r-release-macos-x86_64, r-release-windows-ix86+x86_64

Version: 0.2.0
Check: dependencies in R code
Result: NOTE
    Namespace in Imports field not imported from: ‘testthat’
     All declared Imports should be used.
Flavors: r-devel-linux-x86_64-fedora-clang, r-devel-linux-x86_64-fedora-gcc, r-patched-solaris-x86, r-release-macos-arm64, r-release-macos-x86_64, r-oldrel-macos-x86_64

Version: 0.2.0
Check: package dependencies
Result: ERROR
    Packages required but not available: 'igraph', 'networkD3'
    
    See section 'The DESCRIPTION file' in the 'Writing R Extensions'
    manual.
Flavor: r-devel-windows-x86_64-gcc10-UCRT