CRAN Package Check Results for Package BNSL

Last updated on 2021-10-21 12:57:54 CEST.

Flavor Version Tinstall Tcheck Ttotal Status Flags
r-devel-linux-x86_64-debian-clang 0.1.4 67.99 36.31 104.30 OK
r-devel-linux-x86_64-debian-gcc 0.1.4 51.26 29.13 80.39 OK
r-devel-linux-x86_64-fedora-clang 0.1.4 175.74 OK
r-devel-linux-x86_64-fedora-gcc 0.1.4 143.64 OK
r-devel-windows-x86_64 0.1.4 90.00 69.00 159.00 OK
r-devel-windows-x86_64-gcc10-UCRT 0.1.4 ERROR
r-patched-linux-x86_64 0.1.4 65.48 35.58 101.06 OK
r-patched-solaris-x86 0.1.4 157.90 OK
r-release-linux-x86_64 0.1.4 65.57 35.83 101.40 OK
r-release-macos-arm64 0.1.4 OK
r-release-macos-x86_64 0.1.4 OK
r-release-windows-ix86+x86_64 0.1.4 123.00 84.00 207.00 OK
r-oldrel-macos-x86_64 0.1.4 OK
r-oldrel-windows-ix86+x86_64 0.1.4 174.00 87.00 261.00 OK

Check Details

Version: 0.1.4
Check: package dependencies
Result: ERROR
    Package required but not available: 'igraph'
    
    See section 'The DESCRIPTION file' in the 'Writing R Extensions'
    manual.
Flavor: r-devel-windows-x86_64-gcc10-UCRT