CRAN Package Check Results for Package BGVAR

Last updated on 2022-10-03 12:53:06 CEST.

Flavor Version Tinstall Tcheck Ttotal Status Flags
r-devel-linux-x86_64-debian-clang 2.5.1 121.74 313.97 435.71 NOTE
r-devel-linux-x86_64-debian-gcc 2.5.1 103.84 225.32 329.16 NOTE
r-devel-linux-x86_64-fedora-clang 2.5.1 570.65 NOTE
r-devel-linux-x86_64-fedora-gcc 2.5.1 550.19 NOTE
r-devel-windows-x86_64 2.5.1 102.00 357.00 459.00 NOTE
r-patched-linux-x86_64 2.5.1 105.67 296.78 402.45 NOTE
r-release-linux-x86_64 2.5.1 109.06 298.31 407.37 NOTE
r-release-macos-arm64 2.5.1 156.00 NOTE
r-release-macos-x86_64 2.5.1 185.00 NOTE
r-release-windows-x86_64 2.5.1 124.00 348.00 472.00 NOTE
r-oldrel-macos-arm64 2.5.1 135.00 NOTE
r-oldrel-macos-x86_64 2.5.1 180.00 NOTE
r-oldrel-windows-ix86+x86_64 2.5.1 290.00 442.00 732.00 NOTE

Check Details

Version: 2.5.1
Check: for GNU extensions in Makefiles
Result: NOTE
    GNU make is a SystemRequirements.
Flavors: r-devel-linux-x86_64-debian-clang, r-devel-linux-x86_64-debian-gcc, r-devel-linux-x86_64-fedora-clang, r-devel-linux-x86_64-fedora-gcc, r-devel-windows-x86_64, r-patched-linux-x86_64, r-release-linux-x86_64, r-release-macos-arm64, r-release-macos-x86_64, r-release-windows-x86_64, r-oldrel-macos-arm64, r-oldrel-macos-x86_64, r-oldrel-windows-ix86+x86_64

Version: 2.5.1
Check: data for non-ASCII characters
Result: NOTE
     Note: found 582 marked UTF-8 strings
Flavors: r-devel-linux-x86_64-fedora-clang, r-devel-linux-x86_64-fedora-gcc, r-release-macos-arm64, r-release-macos-x86_64, r-oldrel-macos-arm64, r-oldrel-macos-x86_64

Version: 2.5.1
Check: installed package size
Result: NOTE
     installed size is 5.6Mb
     sub-directories of 1Mb or more:
     doc 2.9Mb
     libs 1.3Mb
Flavors: r-devel-windows-x86_64, r-release-macos-arm64, r-release-macos-x86_64, r-release-windows-x86_64, r-oldrel-macos-arm64, r-oldrel-macos-x86_64, r-oldrel-windows-ix86+x86_64