CRAN Package Check Results for Package BETS

Last updated on 2022-10-04 12:53:33 CEST.

Flavor Version Tinstall Tcheck Ttotal Status Flags
r-devel-linux-x86_64-debian-clang 0.4.9 21.28 160.95 182.23 NOTE
r-devel-linux-x86_64-debian-gcc 0.4.9 0.71 2.41 3.12 ERROR
r-devel-linux-x86_64-fedora-clang 0.4.9 237.93 NOTE
r-devel-linux-x86_64-fedora-gcc 0.4.9 226.03 NOTE
r-devel-windows-x86_64 0.4.9 42.00 193.00 235.00 NOTE
r-patched-linux-x86_64 0.4.9 22.57 149.01 171.58 NOTE
r-release-linux-x86_64 0.4.9 17.45 148.94 166.39 NOTE
r-release-macos-arm64 0.4.9 54.00 NOTE
r-release-macos-x86_64 0.4.9 100.00 NOTE
r-release-windows-x86_64 0.4.9 46.00 184.00 230.00 NOTE
r-oldrel-macos-arm64 0.4.9 54.00 NOTE
r-oldrel-macos-x86_64 0.4.9 77.00 NOTE
r-oldrel-windows-ix86+x86_64 0.4.9 47.00 184.00 231.00 NOTE

Check Details

Version: 0.4.9
Check: LazyData
Result: NOTE
     'LazyData' is specified without a 'data' directory
Flavors: r-devel-linux-x86_64-debian-clang, r-devel-linux-x86_64-fedora-clang, r-devel-linux-x86_64-fedora-gcc, r-devel-windows-x86_64, r-patched-linux-x86_64, r-release-linux-x86_64, r-release-macos-arm64, r-release-macos-x86_64, r-release-windows-x86_64, r-oldrel-macos-arm64, r-oldrel-macos-x86_64, r-oldrel-windows-ix86+x86_64

Version: 0.4.9
Check: package dependencies
Result: ERROR
    Package required but not available: ‘seasonal’
    
    See section ‘The DESCRIPTION file’ in the ‘Writing R Extensions’
    manual.
Flavor: r-devel-linux-x86_64-debian-gcc

Version: 0.4.9
Check: package dependencies
Result: NOTE
    Imports includes 27 non-default packages.
    Importing from so many packages makes the package vulnerable to any of
    them becoming unavailable. Move as many as possible to Suggests and
    use conditionally.
Flavor: r-devel-linux-x86_64-fedora-clang